base 7) in base 15?
-5
2 (base 12) to base 13
2
Convert -8 (base 14) to base 5.
-13
Convert 323 (base 6) to base 9.
146
What is 11 (base 14) in base 12?
13
7 (base 15) to base 9
7
Convert 45 (base 13) to base 8.
71
Convert 244 (base 5) to base 10.
74
Convert 1011 (base 2) to base 9.
12
14 (base 12) to base 15
11
What is -7 (base 14) in base 16?
-7
What is 4 (base 11) in base 9?
4
1001010 (base 2) to base 4
1022
Convert 18 (base 11) to base 16.
13
1 (base 15) to base 12
1
Convert -10 (base 8) to base 7.
-11
What is -1010 (base 2) in base 15?
-a
Convert 0 (base 3) to base 15.
0
-133 (base 6) to base 11
-52
-2 (base 7) to base 6
-2
202 (base 3) to base 9
22
What is -100111111 (base 2) in base 7?
-634
1 (base 8) to base 11
1
What is 38 (base 16) in base 9?
62
Convert 5 (base 13) to base 2.
101
2 (base 10) to base 16
2
Convert a (base 11) to base 9.
11
0 (base 10) to base 15
0
Convert -6 (base 9) to base 13.
-6
Convert -140 (base 8) to base 9.
-116
What is 112 (base 3) in base 4?
32
What is 12 (base 12) in base 3?
112
What is -23 (base 8) in base 13?
-16
What is -144 (base 16) in base 10?
-324
-100 (base 4) to base 13
-13
Convert 8 (base 11) to base 4.
20
-25 (base 12) to base 7
-41
-20 (base 3) to base 7
-6
c (base 14) to base 12
10
Convert 41 (base 13) to base 5.
203
What is -243 (base 8) in base 3?
-20001
What is 0 (base 5) in base 2?
0
Convert 1 (base 13) to base 5.
1
What is -7b (base 13) in base 3?
-10210
Convert 130 (base 4) to base 12.
24
What is -3 (base 15) in base 11?
-3
-21 (base 5) to base 11
-10
198 (base 14) to base 12
236
-4 (base 11) to base 3
-11
16 (base 9) to base 4
33
Convert -1 (base 10) to base 6.
-1
Convert 3 (base 14) to base 13.
3
Convert 1112 (base 3) to base 9.
45
Convert 103 (base 8) to base 10.
67
1 (base 6) to base 5
1
-2 (base 12) to base 9
-2
-7 (base 12) to base 16
-7
What is 181 (base 11) in base 4?
3102
Convert 8 (base 16) to base 9.
8
-164 (base 13) to base 7
-506
Convert -5 (base 13) to base 5.
-10
What is 4 (base 14) in base 7?
4
Convert 1 (base 15) to base 14.
1
What is 0 (base 12) in base 11?
0
What is -1 (base 14) in base 10?
-1
2 (base 8) to base 6
2
18 (base 12) to base 16
14
Convert -1a (base 14) to base 15.
-19
Convert -2 (base 10) to base 4.
-2
What is 323 (base 6) in base 9?
146
Convert 41 (base 8) to base 12.
29
2 (base 5) to base 15
2
What is -4 (base 12) in base 3?
-11
What is -34 (base 5) in base 13?
-16
Convert 15 (base 13) to base 11.
17
Convert -5 (base 6) to base 2.
-101
2 (base 6) to base 10
2
What is 44 (base 10) in base 2?
101100
Convert -26 (base 12) to base 7.
-42
3 (base 8) to base 9
3
-5 (base 7) to base 15
-5
What is 1a (base 15) in base 7?
34
Convert -5 (base 7) to base 3.
-12
What is 0 (base 13) in base 5?
0
-45 (base 6) to base 11
-27
What is 0 (base 4) in base 16?
0
Convert -1 (base 8) to base 11.
-1
Convert -21 (base 12) to base 8.
-31
Convert 15 (base 10) to base 5.
30
2 (base 14) to base 4
2
What is -10 (base 4) in base 13?
-4
What is -104 (base 8) in base 13?
-53
Convert 6 (base 10) to base 2.
110
What is 4 (base 8) in base 6?
4
Convert 111 (base 2) to base 15.
7
-27 (base 10) to base 15
-1c
-67 (base 12) to base 3
-2221
What is 522 (base 7) in base 4?
10011
8 (base 13) to base 2
1000
2 (base 13) to base 5
2
10010 (base 2) to base 14
14
Convert -b6 (base 15) to base 2.
-10101011
37 (base 11) to base 15
2a
-233 (base 4) to base 10
-47
What is 10 (base 3) in base 9?
3
6 (base 11) to base 16
6
What is 4 (base 5) in base 4?
10
What is -130 (base 4) in base 14?
-20
What is 1101 (base 2) in base 6?
21
Convert 100 (base 2) to base 7.
4
What is -2 (base 13) in base 16?
-2
110 (base 5) to base 2
11110
1 (base 8) to base 7
1
What is -111 (base 5) in base 9?
-34
3 (base 15) to base 10
3
Convert 1210 (base 3) to base 11.
44
-13 (base 4) to base 3
-21
What is 9 (base 15) in base 11?
9
Convert c (base 15) to base 11.
11
0 (base 6) to base 2
0
Convert 131 (base 4) to base 13.
23
Convert -10 (base 3) to base 13.
-3
What is -5 (base 16) in base 15?
-5
What is -21 (base 4) in base 3?
-100
What is 1 (base 11) in base 8?
1
What is -2c (base 15) in base 12?
-36
102 (base 3) to base 15
b
Convert -4 (base 15) to base 5.
-4
Convert -45 (base 12) to base 3.
-1222
What is f (base 16) in base 14?
11
0 (base 3) to base 16
0
2 (base 10) to base 14
2
What is -215 (base 6) in base 11?
-76
Convert 11 (base 2) to base 14.
3
Convert -110100 (base 2) to base 8.
-64
0 (base 6) to base 3
0
-1101 (base 2) to base 13
-10
-1 (base 10) to base 15
-1
7 (base 10) to base 4
13
Convert 11 (base 16) to base 4.
101
-103 (base 4) to base 12
-17
What is -21 (base 15) in base 16?
-1f
Convert -2 (base 4) to base 5.
-2
Convert 251 (base 7) to base 6.
342
Convert 0 (base 12) to base 7.
0
What is -4 (base 6) in base 5?
-4
What is 254 (base 6) in base 7?
211
Convert 10011101 (base 2) to base 15.
a7
168 (base 9) to base 12
bb
What is 1e (base 16) in base 13?
24
Convert 119 (base 13) to base 3.
21002
100 (base 2) to base 7
4
Convert 11 (base 3) to base 13.
4
Convert 10 (base 2) to base 13.
2
-11111011 (base 2) to base 7
-506
10 (base 4) to base 2
100
Convert 2 (base 14) to base 10.
2
36 (base 8) to base 2
11110
-12121 (base 3) to base 12
-107
What is -134 (base 7) in base 5?
-244
Convert -176 (base 11) to base 12.
-150
What is 0 (base 14) in base 7?
0
What is 3 (base 15) in base 5?
3
Convert 434 (base 5) to base 4.
1313
Convert -2000 (base 3) to base 15.
-39
What is -10002 (base 3) in base 9?
-102
What is -22122 (base 3) in base 5?
-1413
-68 (base 14) to base 8
-134
-3 (base 4) to base 9
-3
What is 11 (base 3) in base 6?
4
12 (base 6) to base 5
13
What is -1 (base 2) in base 9?
-1
0 (base 13) to base 16
0
-44 (base 13) to base 4
-320
-11 (base 3) to base 10
-4
Convert -2 (base 8) to base 10.
-2
Convert -3d (base 15) to base 14.
-42
-3 (base 11) to base 12
-3
What is 0 (base 4) in base 14?
0
What is 27 (base 9) in base 15?
1a
Convert -90 (base 12) to base 3.
-11000
33 (base 14) to base 6
113
2011 (base 3) to base 8
72
-470 (base 8) to base 12
-220
What is 6 (base 11) in base 12?
6
Convert 21 (base 16) to base 10.
33
What is 11 (base 3) in base 9?
4
-3 (base 15) to base 8
-3
What is -20 (base 12) in base 2?
-11000
What is 124 (base 6) in base 7?
103
What is 105 (base 6) in base 13?
32
What is -2 (base 9) in base 13?
-2
-1 (base 13) to base 16
-1
What is 15 (base 8) in base 9?
14
3 (base 7) to base 12
3
4 (base 13) to base 10
4
What is 1 (base 5) in base 3?
1
Convert -1110 (base 3) to base 13.
-30
100 (base 2) to base 13
4
Convert 9 (base 14) to base 9.
10
Convert -3 (base 16) to base 15.
-3
Convert -24 (base 5) to base 10.
-14
-1123 (base 4) to base 5
-331
What is -11 (base 3) in base 11?
-4
-3 (base 11) to base 3
-10
Convert 0 (base 10) to base 14.
0
-1210 (base 3) to base 13
-39
-100011111 (base 2) to base 12
-1bb
1 (base 15) to base 7
1
1000 (base 2) to base 4
20
Convert 5 (base 9) to base 14.
5
1003 (base 4) to base 16
43
Convert -10010 (base 2) to base 14.
-14
Convert 256 (base 7) to base 14.
9d
What is 253 (base 9) in base 5?
1320
Convert -83 (base 14) to base 3.
-11021
Convert 1 (base 15) to base 6.
1
0 (base 5) to base 3
0
What is -3011 (base 4) in base 11?
-16a
What is -3 (base 16) in base 15?
-3
-a (base 14) to base 6
-14
What is -101 (base 2) in base 16?
-5
4 (base 12) to base 9
4
Convert -3 (base 14) to base 13.
-3
Convert 0 (base 9) to base 7.
0
-97 (base 14) to base 16
-85
What is -15 (base 7) in base 6?
-20
420 (base 5) to base 11
a0
What is -61 (base 7) in base 9?
-47
Convert -231 (base 10) to base 8.
-347
29 (base 15) to base 7
54
-53 (base 6) to base 15
-23
-a (base 16) to base 5
-20
What is -1000 (base 4) in base 6?
-144
35 (base 6) to base 12
1b
Convert -5 (base 8) to base 15.
-5
102 (base 3) to base 5
21
What is -3 (base 10) in base 2?
-11
Convert 35 (base 6) to base 15.
18
Convert -4 (base 12) to base 6.
-4
2 (base 16) to base 14
2
-10020 (base 4) to base 2
-100001000
What is 5 (base 15) in base 9?
5
Convert -121 (base 3) to base 5.
-31
What is 71 (base 13) in base 15?
62
What is -171 (base 8) in base 9?
-144
Convert 11 (base 2) to base 14.
3
22 (base 10) to base 5
42
-22 (base 11) to base 7
-33
Convert -7 (base 10) to base 12.
-7
What is -43 (base 9) in base 14?
-2b
What is b (base 13) in base 4?
23
3 (base 